j. Let z be o(-6). What are the prime factors of u(z)?
19
Suppose -10 = -p - 2. Let k be p/4*(-15)/(-6). Suppose -10 = 2*b, 5*b + 39 + 61 = k*u. What are the prime factors of u?
3, 5
Suppose y - 84 = a + 176, -4*a = -y + 248. What are the prime factors of y?
2, 3, 11
Suppose 4 = 4*u - 4. Let b(k) = 2*k - 85 + 15*k**u + 83 - 4*k. List the prime factors of b(-2).
2, 31
Suppose 6 = -3*b + 5*o, -18 = -5*b - 4*o + 3*o. Suppose 4*r = -c - b*c + 64, -40 = -2*r + 2*c. What are the prime factors of r?
2, 3
Suppose -19 = -a + 67. What are the prime factors of a?
2, 43
Suppose 0 = -7*j - 9*j + 25664. List the prime factors of j.
2, 401
Let b(w) = -2*w - 6. Let j be b(-7). Let d(p) = p - 6. Let v be d(j). Suppose -x = o - 9 + v, -4 = x. What are the prime factors of o?
11
What are the prime factors of 469/(-21)*-78 + 10/(-5)?
2, 3, 5, 29
Let j = -56 - -108. Suppose -347*p = -348*p + j. What are the prime factors of p?
2, 13
What are the prime factors of (125/10 - (1 + 4))*154?
3, 5, 7, 11
Suppose 0 = 11*a - 16*a + 455. Suppose 503 = 11*n - a. List the prime factors of n.
2, 3
Let g be 9 - 6 - (-69)/(-3). Let u be (g + 2)/((-3)/(-6)). Let d = 69 + u. List the prime factors of d.
3, 11
Let s be 1/(-6) - (-95)/30. Suppose -10 = s*w - 2*w. Let b(d) = -d**3 - 9*d**2 + 10*d + 2. List the prime factors of b(w).
2
Suppose 0 = r - 4*x - 935, -4*x = -3*r + 2*x + 2811. What are the prime factors of r?
3, 313
Let o = 745 + -487. List the prime factors of o.
2, 3, 43
What are the prime factors of (1 + 13/(-3))*(-3105)/25?
2, 3, 23
Let r be -3*(-1158)/(-18) - (0 + -1). Let o = 302 + r. What are the prime factors of o?
2, 5, 11
Let p = 6 + -8. Let i = 176 + -176. List the prime factors of p + i - (-56 + 1).
53
List the prime factors of (-15 + -1506)*2/(-6).
3, 13
Let a(j) = -j**2 - 5*j - 4. Let u be a(-4). Let i = -3 - -6. Suppose -i*f + 49 - 13 = u. List the prime factors of f.
2, 3
Let t be -2*34/(-4) + 1. Let a = 408 + -406. List the prime factors of t/((2 + 0)/a).
2, 3
Suppose -4*g = 5*s + 9, -5*g - 5*s + 5 = -2*s. Let p be g/6*255/34. Suppose p*i = -m + 141, -5*m = 2*i - i - 9. What are the prime factors of i?
29
Suppose 5*q + 1892 = 9*q. What are the prime factors of q?
11, 43
Suppose -7*m + 9 = -4*m. Suppose 0 = -c - 5*x + m*x - 6, 5*x + 21 = -4*c. What are the prime factors of c/18 + 5544/162?
2, 17
Let q(i) = -11*i**2 - i - 1. Let c be q(-3). Let n = 138 + c. Let y = n + -21. What are the prime factors of y?
2, 5
Let u(h) = -13*h - 7. Let s = -15 + 10. Let c be 2 + 0 + s + 0. What are the prime factors of u(c)?
2
Let s(b) = -b**3 - 3*b**2 - 4*b. Let v be s(-2). Let q be 6 + (v - 8) + 2. Suppose 2*k = q*k - 114. List the prime factors of k.
3, 19
Let t = -591 - -845. List the prime factors of t.
2, 127
What are the prime factors of -3 + (-8)/(8/(-271))?
2, 67
Let y be 125 + -1 + 1 + -4. Suppose -2*a + 11 = -y. What are the prime factors of a?
2, 3, 11
Suppose 22 = 3*x - 5*u - 0*u, 2*u = 5*x - 24. Suppose 2*w = -3*w + d + 285, 0 = -x*w - d + 228. List the prime factors of w.
3, 19
Suppose 3*d + 140 = 10*d. Suppose -d = -4*g + 3*g. What are the prime factors of g?
2, 5
Let j be 5256/(-20) - 4/20. Let s = -107 - j. What are the prime factors of s?
2, 3, 13
Let a be -1*0*(-4)/8. Let l(r) = 2*r**2 - 3*r + 2. Let h be l(2). Suppose a = h*c - 32 - 24. What are the prime factors of c?
2, 7
Let f = -38 + 77. Let j = 3 + f. Suppose 5*i - 2*i = j. List the prime factors of i.
2, 7
Let d = -2722 + 4143. List the prime factors of d.
7, 29
Suppose 0 = f - 27 - 11. Let r(b) = 15*b**2 + 39*b**3 - 5*b + 10*b - 12 + 6*b - f*b**3. List the prime factors of r(-14).
2, 3, 5
Let t be (-183)/21 - 12/42. Let s = t + 12. Suppose -s*w + 53 = -28. What are the prime factors of w?
3
Let h(p) = -2*p**3 - 26*p**2 - 17*p - 15. What are the prime factors of h(-14)?
3, 5, 41
Suppose 3*c = -3*n + 10197, 10*n - 5*n = 5*c + 17045. What are the prime factors of n?
2, 23, 37
Let i = -264 + 1737. List the prime factors of i.
3, 491
What are the prime factors of (-5 + 1)*((-273)/6 - 8)?
2, 107
Let g = -677 + 857. List the prime factors of g.
2, 3, 5
Suppose 0 = -5*t + 4*d + 5301, -4*t - 4247 = -8*t - 3*d. List the prime factors of t.
1061
Let b(t) = 5*t + 18. Let j be ((-3)/(-9)*-1)/((-1)/21). What are the prime factors of b(j)?
53
Let u(g) = -5*g + 6. Let c be u(4). Let p = c + 6. Let j = p + 11. What are the prime factors of j?
3
Suppose -7*y + 8*y = 0. Suppose y*c - 4*c + 212 = 0. Let q = -34 + c. List the prime factors of q.
19
Let n = -180 - -500. What are the prime factors of n?
2, 5
Let d(p) = p**2 + 26. Let o be d(0). Let u = 54 - o. What are the prime factors of (21/u)/((-2)/(-8))?
3
Suppose -166 = 4*t + 94. List the prime factors of 28*(-3)/(-6)*t/(-10).
7, 13
Let c(u) = u**2 - 8*u + 10. Let w be c(7). Suppose -w*j - 2*j = 0. Suppose -4*b + 19 + 5 = j. List the prime factors of b.
2, 3
Suppose -y + 2*d - 48 = 0, 5*y + 4*d + 340 - 86 = 0. List the prime factors of 30*(y/(-12) - (-5)/15).
3, 5
What are the prime factors of 2/8 + (-27415)/(-20)?
3, 457
Suppose 0 = -u + 10 - 9. Let l = 2 - u. Suppose -4*s - 2*t + 17 = l, -4*s - 3*t = -16. List the prime factors of s.
2
Let n(r) = -r**2 - 24*r - 19. Let b be n(-23). Let a(v) = v**2 + 3*v + 9. What are the prime factors of a(b)?
37
Let u(f) = -4*f**3 + 131*f**2 + 19*f + 48. List the prime factors of u(32).
2, 233
Suppose 0 = 27*f - 59342 + 20192. List the prime factors of f.
2, 5, 29
Suppose 3*q = -4*g - 2532, 3*q - 3*g + 2532 = -0*g. What are the prime factors of (-6)/8 + q/(-16)?
2, 13
Let p(k) = 143*k - 819. List the prime factors of p(22).
13, 179
Let n(k) = -k**2 - 5*k - 4. Let p be n(-4). Suppose -5*h + 327 + 398 = p. Suppose -510 = -5*z - h. List the prime factors of z.
73
Let i = 1 + -3. Let t be 7117/22 - i/4. List the prime factors of ((-2)/6)/((-4)/t).
3
Suppose -1096*h = -1104*h + 8528. List the prime factors of h.
2, 13, 41
Let a(k) = 1939*k**2 + 6*k - 3. List the prime factors of a(1).
2, 971
Suppose -385 = -5*v - 5*r, 2*v + r - 2*r - 142 = 0. Let h = v - -36. What are the prime factors of h?
109
Let s(w) = -135*w + 588. List the prime factors of s(-6).
2, 3, 233
Suppose 4*s + 123 = 3*j, -3*j = -2*j - 4*s - 41. List the prime factors of j.
41
Let h(l) = 277*l - 165. What are the prime factors of h(6)?
3, 499
Let p(k) = -45*k**2 + 4 - 43*k**2 + 6 - 21*k + 94*k**2. List the prime factors of p(4).
2, 11
Let r = -10 - -8. Let l(c) = 43*c**2 + 5*c + 1. What are the prime factors of l(r)?
163
Let d(v) = -8*v - 3. Let r be d(-4). Suppose -40 = 3*s + s. Let t = r + s. List the prime factors of t.
19
Let m(s) = 4*s**3 + s**2 + 3*s + 3. Let j be m(-1). List the prime factors of (14/2 + j)*484/8.
2, 11
Let l = 12 + -11. Let j be l/((5/(-4))/(-5)). Suppose 42 - 10 = j*o. List the prime factors of o.
2
Let a(h) = h**3 - 3*h**2 - 2*h - 2. Let x be a(4). Suppose -j + 21 = c - 0*c, 3*c + x = 0. What are the prime factors of j?
23
Let i be -2*-181*(-3)/(-6). Suppose -27 = u - i. Suppose 6*n + n - u = 0. What are the prime factors of n?
2, 11
Suppose 6*j + 107 - 1589 = 0. What are the prime factors of j?
13, 19
Let i(r) = 6*r - 3. Suppose 0 = -4*a + 2*a + 6. Suppose -3*m - 6 = -5*h - 30, -4*h - a = 3*m. What are the prime factors of i(m)?
3, 5
Let i = -4639 - -7892. What are the prime factors of i?
3253
Let x(h) = 214*h**2 + 73*h + 1. List the prime factors of x(4).
3, 7, 59
Let p be ((-15)/20)/3 - 46/8. Let y = p + 20. What are the prime factors of y?
2, 7
List the prime factors of (((-8)/(-6))/(-4))/((-25)/32700).
2, 109
Let p be 4*((-10)/4 + 4). Suppose -31 = -p*f - 1. What are the prime factors of ((-192)/28)/(f/(-35))?
2, 3
Suppose 0 = 257*k - 251*k - 3606. What are the prime factors of k?
601
Suppose 7*b + 338 + 271 = 0. Let t = 20 - 48. Let k = t - b. List the prime factors of k.
59
Suppose -155*c + 153*c = 4*a - 846, a + 432 = c. List the prime factors of c.
3, 11, 13
Let z(f) = 3*f - 1. Suppose -20 = -4*c - a, -2*a + 1 + 15 = 2*c. Suppose -j + 23 = -3*p - 0, -c*p = 20. List the prime factors of z(j).
23
Suppose 3541 = 3*s - 5*a, a - 2405 = -2*s - 27. List the prime factors of s.
1187
Let y = 126 - 126. Suppose 3*s + h - 4*h = 531, 2*h - 4 = y. List the prime factors of s.
179
Let n = -132 - -366. What are the prime factors of n?
2, 3, 13